{"id":145,"date":"2020-06-03T21:20:55","date_gmt":"2020-06-03T21:20:55","guid":{"rendered":"http:\/\/185.156.219.5\/~ra30119\/?page_id=145"},"modified":"2020-06-03T21:20:55","modified_gmt":"2020-06-03T21:20:55","slug":"145-2","status":"publish","type":"page","link":"https:\/\/mkom.es\/?page_id=145","title":{"rendered":"Aviso legal"},"content":{"rendered":"<p>[et_pb_section fb_built=\u00bb1&#8243; _builder_version=\u00bb4.3.4&#8243;][et_pb_row _builder_version=\u00bb4.3.4&#8243; custom_padding=\u00bb19px|||||\u00bb][et_pb_column _builder_version=\u00bb4.3.4&#8243; type=\u00bb4_4&#8243;][et_pb_text _builder_version=\u00bb4.3.4&#8243; hover_enabled=\u00bb0&#8243;]<\/p>\n<p style=\"text-align: justify;\"><strong>AVISO LEGAL<\/strong><\/p>\n<p style=\"text-align: justify;\"><em>DATOS IDENTIFICATIVOS<\/em><br \/> De acuerdo con la exigencia legal establecida, se cumple con la obligaci\u00f3n de<br \/> informar a todos los usuarios e interesados que la responsabilidad y titularidad<br \/> del dominio web mkom.es, as\u00ed como las redes sociales y el sitio web<br \/> asociadas, en lo adelante el \u201csitio web\u201d le pertenecen a Mkom S.Coop.,<br \/> CIF F71386296, con domicilio en c\/ Doctor Jos\u00e9 Alfonso 3-1, en lo adelante<br \/> EL GESTOR DEL SITIO WEB, y cuyo correo electr\u00f3nico de contacto es <a href=\"mailto:info@mkom.es\">info@mkom.es<\/a>.<\/p>\n<p style=\"text-align: justify;\"><em>T\u00c9RMINOS Y CONDICIONES<\/em><br \/> USO Y APLICACI\u00d3N<br \/> Los presentes t\u00e9rminos y condiciones aplican tanto para la p\u00e1gina principal de<br \/> mkom.es como para aquellas otras que hayan sido creadas por EL<br \/> GESTOR DEL SITIO WEB e indiquen de manera expresa e inequ\u00edvoca que<br \/> forman parte integrante de este sitio web.<br \/> USUARIOS<br \/> Se entender\u00e1 por usuario a toda aquella persona que navegue por el sitio web,<br \/> accediendo a cualquiera de sus p\u00e1ginas o secciones, bastando con el simple<br \/> acceso y\/o uso de este sitio web, aceptando desde dicho acceso y\/o uso, los<br \/> t\u00e9rminos y condiciones aqu\u00ed reflejados.<br \/> En caso de que el usuario desee contratar alguno de los servicios ofrecidos en<br \/> el sitio web, se aplicar\u00e1n tambi\u00e9n las pol\u00edticas de contrataci\u00f3n, las cuales ser\u00e1n<br \/> de obligatorio cumplimiento.<br \/> FORMAS DE CONTACTO<br \/> Si un usuario deseara contactar al GESTOR DEL SITIO WEB podr\u00e1 enviar un<br \/> correo electr\u00f3nico a la direcci\u00f3n correo electr\u00f3nico info@mkom.es.<br \/> USO DEL SITIO WEB<br \/> Toda la informaci\u00f3n gr\u00e1fica, textual, de multimedia, fotograf\u00edas, im\u00e1genes,<br \/> videos, o cualquier otro formato de archivo digital que se encuentran en el sitio<br \/> web, entendidos de aqu\u00ed en adelante como \u201clos contenidos\u201d, le pertenecen al EL<br \/> GESTOR DEL SITIO WEB y est\u00e1 protegido por las leyes de derecho de autor a<br \/> nivel nacional e internacional.<br \/> El usuario asume la responsabilidad del uso del sitio web, no pudiendo<br \/> emplearlos para:<br \/> 1. Realizar actividades il\u00edcitas, ilegales o contrarias a la moral, buenas<br \/> costumbres, buena fe y al orden p\u00fablico;<br \/> 2. Realizar comentarios o difundir contenidos o propaganda de car\u00e1cter<br \/> racista, xen\u00f3fobo, pornogr\u00e1fico, de apolog\u00eda del terrorismo, que atente<br \/> contra los derechos humanos o civiles en general;<br \/> 3. Provocar da\u00f1os en la persona f\u00edsica, intelectual o moral del GESTOR<br \/> DEL SITIO WEB, de sus proveedores o de terceras personas;<br \/> 4. Introducir o difundir en la red virus inform\u00e1ticos o cualesquiera otros<br \/> sistemas f\u00edsicos o l\u00f3gicos que sean susceptibles de provocar los da\u00f1os<br \/> anteriormente mencionados;<br \/> 5. Intentar acceder y\/o utilizar las cuentas de correo electr\u00f3nico de otros<br \/> usuarios y modificarlos o manipular sus mensajes.<br \/> EL GESTOR DEL SITIO WEB se reserva el derecho de retirar todos aquellos<br \/> comentarios que vulneren el respeto a la dignidad de la persona, que sean<br \/> discriminatorios, xen\u00f3fobos, racistas, pornogr\u00e1ficos, que atenten contra la<br \/> juventud o la infancia, el orden o la seguridad p\u00fablica o que, a su juicio, no<br \/> resultaran adecuados para su publicaci\u00f3n. En cualquier caso, EL GESTOR DEL<br \/> SITIO WEB no ser\u00e1 responsable de las opiniones dadas por los usuarios en<br \/> cualquier herramienta de opini\u00f3n que contenga el sitio web.<br \/> <em>PROPIEDAD INTELECTUAL<\/em><br \/> EL GESTOR DEL SITIO WEB es el titular de todos los derechos de propiedad<br \/> intelectual e industrial del sitio web, as\u00ed como de los elementos contenidos en la<br \/> misma, los cuales, a t\u00edtulo enunciativo, pero no limitativo, son: im\u00e1genes, sonido,<br \/> fotograf\u00edas, audio, v\u00eddeo, software, textos, marcas, logotipos, combinaciones de<br \/> colores, estructura, dise\u00f1o, selecci\u00f3n de materiales usados, programas<br \/> necesarios para su funcionamiento, acceso y uso, quedando expresamente<br \/> prohibida la reproducci\u00f3n, distribuci\u00f3n y comunicaci\u00f3n p\u00fablica, incluida su<br \/> modalidad de puesta a disposici\u00f3n, de la totalidad o parte de los contenidos del<br \/> sitio web, en cualquier soporte y por cualquier medio t\u00e9cnico, con o sin fines<br \/> comerciales sin la autorizaci\u00f3n del GESTOR DEL SITIO WEB.<br \/> El usuario se compromete a respetar los derechos de autor titularidad del<br \/> GESTOR DEL SITIO WEB, podr\u00e1 en consecuencia visualizar, imprimir,<br \/> almacenar en un dispositivo electr\u00f3nico o virtual, pero \u00fanica y exclusivamente<br \/> para su uso personal y privado, no pudiendo en ning\u00fan momento distribuirlos,<br \/> reproducirlos, onerosa o gratuitamente, a terceros ni realizar transformaci\u00f3n<br \/> alguna de los mismos. En todo caso, deber\u00e1 siempre hacer menci\u00f3n a la autor\u00eda<br \/> del GESTOR DEL SITIO WEB y al sitio web cuando decida compartir en<br \/> cualquier red social alguno de los contenidos, no pudiendo en ning\u00fan momento<br \/> modificar, total o parcialmente, cualquiera de los contenidos.<br \/> No se podr\u00e1 compartir ning\u00fan extracto de un curso, libro, entrada del blog o de<br \/> cualquier parte del sitio web, ya sea incluso una menci\u00f3n a terceros.<br \/> <em>EXCLUSI\u00d3N DE GARANT\u00cdAS Y RESPONSABILIDAD<\/em><br \/> EL GESTOR DEL SITIO WEB ha adoptado todas las medidas tecnol\u00f3gicas,<br \/> necesarias en el sitio web, para evitar da\u00f1os y perjuicios de cualquier naturaleza<br \/> que pudieran ocasionar, a t\u00edtulo enunciativo: errores u omisiones en los<br \/> contenidos, falta de disponibilidad del sitio web o la transmisi\u00f3n de virus o<br \/> programas maliciosos o lesivos en los contenidos o en los datos de los usuarios,<br \/> y no se hace responsable si en alg\u00fan momento una de estas medidas falla como<br \/> consecuencia de un uso indebido y\/o abusivo por parte de un tercero.<br \/> El usuario deber\u00e1 en todo momento abstenerse de suprimir, alterar, eludir o<br \/> manipular cualquier dispositivo de protecci\u00f3n o sistema de seguridad que<br \/> estuviera instalado en el sitio web.<br \/> <em>MODIFICACIONES<\/em><br \/> EL GESTOR DEL SITIO WEB se reserva el derecho de efectuar, sin previo aviso,<br \/> las modificaciones que considere oportunas en el sitio web, pudiendo cambiar,<br \/> suprimir o a\u00f1adir tanto los contenidos y servicios que se presten a trav\u00e9s de la<br \/> misma, como la forma en la que \u00e9stos aparezcan presentados o localizados, as\u00ed<br \/> como el dise\u00f1o y estructura del mismo.<br \/> <em>ENLACES<\/em><br \/> EL GESTOR DEL SITIO WEB no tiene control alguno sobre los enlaces y\/o<br \/> contenidos externos que puedan existir en el sitio web, por lo que no se hace<br \/> responsable por los mismos, ni garantizar\u00e1 la disponibilidad t\u00e9cnica, calidad,<br \/> fiabilidad, exactitud, amplitud, veracidad o validez de cualquier material o<br \/> informaci\u00f3n all\u00ed contenida, y no ser\u00e1n entendidos estos enlaces externos como<br \/> una posible asociaci\u00f3n, fusi\u00f3n, colaboraci\u00f3n o participaci\u00f3n con el titular y\/o<br \/> responsable del dominio web al cual est\u00e9n asociados.<br \/> <em>DERECHO DE EXCLUSI\u00d3N<\/em><br \/> EL GESTOR DEL SITIO WEB se reserva el derecho a denegar o retirar el acceso<br \/> al sitio web y\/o los servicios ofrecidos sin necesidad de preaviso, a instancia<br \/> propia o de un tercero, a aquellos usuarios que incumplan los presentes t\u00e9rminos<br \/> y condiciones.<br \/> <em>GARANTIA DE RESULTADOS<\/em><br \/> EL GESTOR DEL SITIO WEB no se har\u00e1 responsable por el \u00e9xito o fracaso de<br \/> los usuarios en la aplicaci\u00f3n de la informaci\u00f3n que reciban del sitio web o de los<br \/> servicios que ofrece EL GESTOR DEL SITIO WEB. El usuario ser\u00e1 el \u00fanico<br \/> responsable por la aplicaci\u00f3n de lo aprendido con el material suministrado por<br \/> EL GESTOR DEL SITIO WEB.<br \/> Los contenidos que se suministran, se imparten de manera informativa, no<br \/> queriendo en ning\u00fan momento EL GESTOR DEL SITIO WEB sustituir alguna<br \/> asesor\u00eda profesional personalizada que el usuario, cliente o participante requiera<br \/> en un tema determinado, y no se har\u00e1 responsable por los problemas que pueda<br \/> tener \u00e9ste por un uso, correcto o no, de la informaci\u00f3n suministrada o por no<br \/> tomar en cuenta problemas de salud, ideol\u00f3gicos, econ\u00f3micos o de cualquier<br \/> otra \u00edndole que pudieran ser afectados por el contenido que se encuentre en de<br \/> forma gratuita o no expuesto dentro del sitio web.<br \/> RESOLUCI\u00d3N DE LITIGIOS EN L\u00cdNEA<br \/> El usuario o el cliente podr\u00e1 escribir a <a href=\"mailto:info@mkom.es\">info@mkom.es<\/a> para resolver cualquier problema<br \/> que tenga con el sitio web o con el servicio prestado.<br \/> Tambi\u00e9n podr\u00e1 utilizar la plataforma europea de Resoluci\u00f3n de Litigios en L\u00ednea<br \/> <a href=\"ec.europa.eu\/consumers\/odr\">aqu\u00ed.<\/a><br \/> <em>MODIFICACI\u00d3N DEL PRESENTE AVISO LEGAL Y DURACI\u00d3N<\/em><br \/> EL GESTOR DEL SITIO WEB podr\u00e1 modificar, en cualquier momento, los<br \/> t\u00e9rminos y condiciones aqu\u00ed expuestos, sin previo aviso y estar\u00e1n vigentes<br \/> mientras se encuentren debidamente publicadas.<br \/> <em>ACCIONES LEGALES<\/em><br \/> EL GESTOR DEL SITIO WEB puede, en cualquier momento, ejercer acciones<br \/> legales de car\u00e1cter civil o penal, contra cualquier persona que realice un uso<br \/> indebido del contenido expuesto en el sitio web, o por incumplir con estos<br \/> t\u00e9rminos y condiciones. Se aplicar\u00e1 en todo momento la legislaci\u00f3n del territorio<br \/> de Espa\u00f1a y en caso de alg\u00fan conflicto, las partes se someter\u00e1n a la<br \/> jurisdicci\u00f3n de Pamplona, Espa\u00f1a, por ser el domicilio del titular del sitio web.<\/p>\n<p>[\/et_pb_text][\/et_pb_column][\/et_pb_row][\/et_pb_section]<\/p>\n","protected":false},"excerpt":{"rendered":"<p>[et_pb_section fb_built=\u00bb1&#8243; _builder_version=\u00bb4.3.4&#8243;][et_pb_row _builder_version=\u00bb4.3.4&#8243; custom_padding=\u00bb19px|||||\u00bb][et_pb_column _builder_version=\u00bb4.3.4&#8243; type=\u00bb4_4&#8243;][et_pb_text _builder_version=\u00bb4.3.4&#8243; hover_enabled=\u00bb0&#8243;] AVISO LEGAL DATOS IDENTIFICATIVOS De acuerdo con la exigencia legal establecida, se cumple con la obligaci\u00f3n de informar a todos los usuarios e interesados que la responsabilidad y titularidad del dominio web mkom.es, as\u00ed como las redes sociales y el sitio web asociadas, en lo adelante [&hellip;]<\/p>\n","protected":false},"author":1,"featured_media":0,"parent":0,"menu_order":0,"comment_status":"closed","ping_status":"closed","template":"","meta":{"_et_pb_use_builder":"on","_et_pb_old_content":"","_et_gb_content_width":"","footnotes":""},"class_list":["post-145","page","type-page","status-publish","hentry"],"_links":{"self":[{"href":"https:\/\/mkom.es\/index.php?rest_route=\/wp\/v2\/pages\/145","targetHints":{"allow":["GET"]}}],"collection":[{"href":"https:\/\/mkom.es\/index.php?rest_route=\/wp\/v2\/pages"}],"about":[{"href":"https:\/\/mkom.es\/index.php?rest_route=\/wp\/v2\/types\/page"}],"author":[{"embeddable":true,"href":"https:\/\/mkom.es\/index.php?rest_route=\/wp\/v2\/users\/1"}],"replies":[{"embeddable":true,"href":"https:\/\/mkom.es\/index.php?rest_route=%2Fwp%2Fv2%2Fcomments&post=145"}],"version-history":[{"count":0,"href":"https:\/\/mkom.es\/index.php?rest_route=\/wp\/v2\/pages\/145\/revisions"}],"wp:attachment":[{"href":"https:\/\/mkom.es\/index.php?rest_route=%2Fwp%2Fv2%2Fmedia&parent=145"}],"curies":[{"name":"wp","href":"https:\/\/api.w.org\/{rel}","templated":true}]}}